{"id":123,"date":"2020-12-18T21:51:05","date_gmt":"2020-12-18T21:51:05","guid":{"rendered":"http:\/\/obwodnicalegnicydk94.pl\/?page_id=123"},"modified":"2021-07-02T22:20:02","modified_gmt":"2021-07-02T20:20:02","slug":"parametry-techniczne","status":"publish","type":"page","link":"http:\/\/dk28limanowa.pl\/index.php\/parametry-techniczne\/","title":{"rendered":"Parametry Techniczne Obwodnicy &#8211; DK28 Limanowa"},"content":{"rendered":"\n<h2 class=\"has-text-align-center wp-block-heading\">Parametry Techniczne Obwodnicy<\/h2>\n\n\n<p>Projektowana droga zosta\u0142a zakwalifikowana do dr\u00f3g klasy GP (g\u0142\u00f3wna ruchu przyspieszonego) o nast\u0119puj\u0105cych wst\u0119pnych parametrach technicznych:<\/p>\n<p>[table id=1 \/]<\/p>\n<p>Docelowe parametry techniczne i typ przekroju normalnego drogi zostan\u0105 dobrane na podstawie wynik\u00f3w m.in. analiz i prognoz ruchu.<\/p>","protected":false},"excerpt":{"rendered":"<p>Parametry Techniczne Obwodnicy Projektowana droga zosta\u0142a zakwalifikowana do dr\u00f3g klasy GP (g\u0142\u00f3wna ruchu przyspieszonego) o nast\u0119puj\u0105cych wst\u0119pnych parametrach technicznych: [table id=1 \/] Docelowe parametry techniczne i typ przekroju normalnego drogi zostan\u0105 dobrane na podstawie wynik\u00f3w m.in. analiz i prognoz ruchu.<\/p>\n","protected":false},"author":1,"featured_media":0,"parent":0,"menu_order":0,"comment_status":"closed","ping_status":"closed","template":"","meta":{"footnotes":""},"class_list":["post-123","page","type-page","status-publish","hentry"],"_links":{"self":[{"href":"http:\/\/dk28limanowa.pl\/index.php\/wp-json\/wp\/v2\/pages\/123","targetHints":{"allow":["GET"]}}],"collection":[{"href":"http:\/\/dk28limanowa.pl\/index.php\/wp-json\/wp\/v2\/pages"}],"about":[{"href":"http:\/\/dk28limanowa.pl\/index.php\/wp-json\/wp\/v2\/types\/page"}],"author":[{"embeddable":true,"href":"http:\/\/dk28limanowa.pl\/index.php\/wp-json\/wp\/v2\/users\/1"}],"replies":[{"embeddable":true,"href":"http:\/\/dk28limanowa.pl\/index.php\/wp-json\/wp\/v2\/comments?post=123"}],"version-history":[{"count":5,"href":"http:\/\/dk28limanowa.pl\/index.php\/wp-json\/wp\/v2\/pages\/123\/revisions"}],"predecessor-version":[{"id":1751,"href":"http:\/\/dk28limanowa.pl\/index.php\/wp-json\/wp\/v2\/pages\/123\/revisions\/1751"}],"wp:attachment":[{"href":"http:\/\/dk28limanowa.pl\/index.php\/wp-json\/wp\/v2\/media?parent=123"}],"curies":[{"name":"wp","href":"https:\/\/api.w.org\/{rel}","templated":true}]}}